1 + 0 + 3
2
What is the value of 5 - (-15 + 11 - (0 - 6))?
3
Calculate 14 + -4 - (1 + 10).
-1
0 - (3 - 8) - (1 - 1)
5
What is the value of 1 + -3 + (-5 - -5) + 3?
1
What is the value of (3 - 6) + 10 - (8 - 5)?
4
Calculate (-3 + 0 - (-3 + 0)) + -3.
-3
8 + -3 + -5 - (-1 + 7)
-6
Calculate -2 + 1 + -4 + 4.
-1
-3 + (-3 + 3 - -5)
2
Evaluate (6 - 2) + -6 + 2.
0
(0 - 0) + (-1 - 2) + -1
-4
What is 0 - ((-4 - -5) + -1) - -2?
2
What is 0 + (10 - 5 - 13)?
-8
Evaluate (-2 - (1 - -1)) + 9.
5
Evaluate -1 + 10 + (-12 - -5).
2
-1 + 0 - (5 - (-4 - -8))
-2
What is (11 - 13) + -1 + 5?
2
What is 5 - (1 - 0) - 6?
-2
Calculate (1 - 5) + -28 + 33.
1
Evaluate -108 + 112 - (0 - -9).
-5
Calculate -1 - (-16 - -14 - (1 - 1)).
1
What is -3 + (-10 - -8) + (-4 - -14)?
5
2 + (2 + -15 - -6)
-5
What is the value of -17 + 17 + (-4 - -2) + 2?
0
Calculate -1 + (-10 - -4) + 2.
-5
Calculate -6 + -4 + -2 + (6 - 1).
-7
Calculate (-3 - 0) + (0 + -6 - -1).
-8
What is -2 + 1 - -12 - 6?
5
What is -5 - -1 - (-7 - -5) - -8?
6
Evaluate 8 + -5 + (-1 - 2).
0
Evaluate (3 - -1 - (24 + -26)) + -3.
3
What is the value of -7 + 14 - (-4 - -11)?
0
-2 - -6 - (8 - (7 + -3))
0
What is -10 + -5 + (1 - -4) - -5?
-5
Evaluate 13 - 5 - (1 + 1).
6
Calculate 14 + -4 + -11 + 1.
0
What is the value of -39 + 34 + (3 + -1 - -5)?
2
Calculate (8 + -5 + 1 - 4) + 2.
2
Calculate 13 + -11 + (2 + -1 - 3).
0
Evaluate -4 + -19 + 11 + 3.
-9
What is 2 + -1 - (17 - 12)?
-4
What is -4 + (-3 - (-2 - -2))?
-7
Evaluate (-3 - -4) + (-5 - -1) + 1.
-2
Calculate 5 + (-8 - -7) + -11.
-7
Evaluate (-13 - -1) + 10 - -12.
10
Calculate (-1 - (2 - 4)) + 1.
2
Evaluate 0 - (-4 - 0 - 0).
4
What is the value of (4 - 7) + -1 + 0?
-4
4 + (5 - 7) + 2 - 1
3
Evaluate (-4 - 5) + -5 - (-5 + -1).
-8
Evaluate 3 + 7 + -2 + -1.
7
-8 - (-6 + (-3 + 3 - -3))
-5
Evaluate 4 + -1 - (6 - (-3 + 6)).
0
Evaluate -5 - (6 + -5) - -6.
0
What is 3 - (-1 + (-4 - -4) + 2)?
2
Calculate 5 + 1 + -2 + 0 - 3.
1
Calculate 6 + -19 + 0 + 9.
-4
What is 0 + -6 + 11 + -2 + 0?
3
Evaluate -1 + 6 - (-4 - -8 - 0).
1
-5 + (-7 - (-8 - (2 + -2)))
-4
Calculate -1 - (-4 + 1 + 0).
2
What is the value of -7 + (-5 - -4) + 8?
0
What is 0 + 1 - (1 + (-2 - -2))?
0
What is -24 - -19 - (-1 - -3)?
-7
What is 5 + -7 + 2 + (2 - 0)?
2
What is -10 + 6 - (0 + 0)?
-4
What is the value of -1 + -1 + (-23 - -20)?
-5
What is the value of -3 + 2 + 9 + -14?
-6
Calculate 2 + -1 - (8 + -23 + 6).
10
Calculate (-3 - -4) + 1 + (1 - 10).
-7
Evaluate 2 - (-5 - (-7 - -5 - 1)).
4
What is the value of (3 + -5 - -7 - 2) + -2?
1
What is -1 + -5 + (-3 - -5)?
-4
What is -8 - (-5 + 5 + -2)?
-6
Evaluate (-9 - (4 + -5) - -1) + 2.
-5
What is 1 + (0 - 2) - -1 - 2?
-2
What is -3 - 0 - (-7 + 3 + -4)?
5
What is the value of -2 - (7 + -3 + 3 + -5)?
-4
-5 - (-5 + -5 + 1)
4
Evaluate -11 - -9 - -6 - 0.
4
What is -7 - -5 - (3 + -10)?
5
Calculate 0 + -1 - (4 - -2 - 4).
-3
Calculate -3 + (10 - 4) + -3 + 0.
0
What is -1 + -1 - (-1 + 2 + -4)?
1
Calculate (6 - (2 + (2 - 1))) + -1.
2
What is the value of -1 + 10 + -3 + (-4 - -3)?
5
What is the value of (4 + -6 - -2) + -2?
-2
What is the value of -6 - (-6 - (4 - 4))?
0
What is 134 + -138 - (5 + 0)?
-9
(-7 - -1) + -1 - (-14 + 1)
6
(1 - 6) + 6 - (6 + -5)
0
-2 + -2 - (9 + -15 + 8)
-6
Calculate -1 + -1 + -2 + (3 - -1).
0
Evaluate 2 - ((8 - -1) + -2) - -4.
-1
Calculate (-2 - (-1 - -2 - 0)) + 0.
-3
Calculate 6 + -1 + (0 - -1 - 3).
3
Calculate 1 - (-2 + (12 - 5)).
-4
What is 5 + -2 + (-1 - -1) - 3?
0
What is (-5 - (-8 + -4 + 5)) + -7?
-5
What is the value of (-2 - -4) + -8 - (-3 - -2)?
-5
2 + -2 + 3 + -4 - -4
3
Evaluate 1 + 8 + (-3 - (3 + -2)).
5
What is the value of (-67 - -67) + 1 + (1 - 1)?
1
What is the value of -8 - -8 - (-2 + 3)?
-1
-7 + (-9 + 1 - -9)
-6
Evaluate 4 + -1 + -10 - -3 - -3.
-1
What is (-7 - -12 - (0 - -1)) + -3?
1
What is the value of 1 - (2 + 0 + 4)?
-5
(0 + 1 - 8) + (-23 - -26)
-4
0 + -4 - (-4 - 1)
1
What is (3 - -1) + (-5 - -3)?
2
Calculate (-1 - -4) + (-3 - -5).
5
What is 30 + -28 + (0 - -2)?
4
Calculate -5 - ((-9 - -4) + 2).
-2
(4 - 3 - 3) + 4 + -4
-2
Evaluate -4 + -2 + (0 - -1) + 3.
-2
Evaluate -3 + 2 + (-12 - -12).
-1
What is -3 - (5 + 2 + -7)?
-3
Calculate 2 - -1 - -3 - (27 + -23).
2
Calculate (-11 - -11) + 1 + -9.
-8
What is the value of 23 + -9 + -3 + -2?
9
What is the value of -12 + 3 + (-8 - 0) + 9?
-8
Evaluate 2 - 1 - (3 - 1) - -1.
0
Evaluate -2 + -1 - (-6 + 2).
1
Calculate -2 - (12 - (7 - 5 - -4)).
-8
Evaluate (-20 - -17) + (0 - -5).
2
-18 - -11 - (-4 - -1) - -1
-3
What is the value of -14 + 10 + -4 + 9?
1
Calculate -1 + 0 + -2 + 1 + -2.
-4
Evaluate 3 + (1 - 3) + 2 + 0.
3
5 - 2 - (6 + -3)
0
Calculate (1 + 3 - (1 + 7)) + 7.
3
0 - (-1 + -1 + (-3 - -2))
3
Calculate -7 + 2 - (0 - 7).
2
Calculate -1 + -7 - (65 - 68).
-5
-2 - -6 - (8 + -7 + 5)
-2
6 - (6 - (5 - 9))
-4
5 + -3 + 2 + -2 + 5
7
What is 3 - (-6 - (-5 - 5))?
-1
5 + 4 + 2 + -8 + -1
2
What is (2 - -2 - 5) + 4?
3
What is the value of 5 - ((24 - 16) + (1 - -1))?
-5
-3 - (-2 + -6 + 1)
4
-5 + (-6 - -7) - -2
-2
What is the value of -1 - -2 - 0 - (-1 - -2)?
0
What is -1 - (-2 - -1) - -5?
5
-13 + 4 + (3 - -2)
-4
(-18 - (-5 + -6)) + 14
7
9 - 3 - 4 - 4
-2
Calculate (2 + -3 - 1) + (-14 - -12).
-4
Calculate -2 + 11 + (5 - 9) + -9.
-4
What is the value of 1 - ((3 - -1) + 2)?
-5
Calculate -13 - (9 + -13) - 1.
-10
Evaluate -2 - (2 - -3 - 1 - 2).
-4
What is the value of (-2 - 2) + 14 + (4 - 10)?
4
What is the value of (-1 - 2) + 9 - -1?
7
3 - -11 - (10 + -4) - 11
-3
Calculate 2 + -3 + -2 - -7.
4
Evaluate 10 - -3 - 4 - 4.
5
Evaluate 6 + -10 - (-3 - (2 - 1)).
0
Calculate 3 + -1 - -10 - (4 - -4).
4
What is the value of 0 - (-5 + 0 + 3)?
2
Calculate -1 + (-1 - 2) - (0 - 2).
-2
Evaluate (6 + -9 - -7) + 0 + 1.
5
What is the value of -1 + (-2 - (0 + 1)) + -1?
-5
Calculate -2 + (2 - (1 - 1)) + -5.
-5
(-1 + -3 - (-6 - -6)) + -2
-6
What is the value of -6 + (18 - (11 + -4))?
5
What is -13 - -1 - (8 - (-7 - -21))?
-6
5 + -2 + -2 + -8 - -16
9
Calculate -16 + (11 - -7 - 10).
-8
-1 + 6 + (2 - 5)
2
Evaluate 0 + -3 - (-9 - (-20 + 14)).
0
Calculate 4 - -3 - (-35 + 33).
9
Evaluate 4 + 7 - (-4 - -11).
4
-4 - (6 - (8 - -1 - 6))
-7
(0 - -3) + -3 + 1 + 0
1
What is (35 - (25 - 8)) + (-6 - 1)?
11
What is 1 + -4 + 4 + (0 - -1)?
2
What is the value of 2 + -5 + -4 - -11?
4
What is the value of -17 - -2 - -13 - (-1 - 1)?
0
4 + (1 - 2 - (-18 - -14))
7
What is the value of -2 - (0 + (-7 - -12 - 3))?
-4
What is the value of 3 - (8 + -12 - (-1 - -3))?
9
Evaluate 10 - (-5 + 8 + 0).
7
Calculate 2 + -6 - (-5 + 4 - -2).
-5
What is the value of 0 - (15 + -17 - (2 + -1))?
3
Evaluate 8 + -2 - (0 + 4).
2
What is the value of (-7 - (4 + -1)) + 16?
6
Calculate 28 + -13 + -8 + -12.
-5
What is the value of -4 + 1 - (-3 + 2 + 1)?
-3
1 + 6 - (6 + -2)
3
Evaluate 2 - ((1 - -1) + -3 + 0).
3
-33 - -51 - (2 + 0 + 7)
9
What is the value of 11 + -7 - 17 - -12?
-1
What is 10 + -16 - (0 + -4)?
-2
Evaluate -3 + 10 - ((-2 - -1) + 2).
6
Calculate -1 + 3 + 4 + -4 + -4.
-2
Evaluate -4 + (-3 - -7) + 6 - 4.
2
What is -5 + 13 + -5 + 0?
3
Calculate (20 - (15 + -1)) + (1 - 7).
0
What is -44 + 37 + (2 - 2)?
-7
What is the value of -6 - (-18 - -21 - (0 - -6))?
-3
What is -5 - (-1 - 1) - -8?
5
What is (-6 - -6) + (8 - 9)?
-1
What is the value of -1 - ((-1 - 4) + 9)?
-5
Evaluate -19 - (-10 - (6 + -5)).
-8
What is 1 + (2 - 5 - 1)?
-3
What is the value of -3 + 7 + -3 + -2?
-1
Calculate -5 + (1 - (3 - 7)).
0
Calculate (-3 - 0) + (-10 - -11).
-2
Calculate 14 - (26 - (-10 - -19)).
-3
6 + -13 + 4 + -2
-5
What is the value of 4 - 8 - (0 - (-4 - -2))?
-6
Calculate -6 - (-4 - (-5 + 5)) - 3.
-5
-8 - (2 + -10 + 4)
-4
Evaluate -4 - (-4 + (2 - -3)).
-5
What is the value of -5 + -3 - -16 - 0?
8
-4 + 8 - (2 - 0 - -4)
-2
Evaluate (-94 - -91) + (1 - 2 - -11).
7
-1 - 0 - (1 + -5)
3
15 + -5 - 6 - 0
4
What is the value of -6 + 5 - (0 - (1 - 0))?
0
Calculate 14 + 1 + -1 - (-3 - -9).
8
What is -9 + 1 - (-11 + 5)?
-2
What is the value of (3 - 4) + 1 + 4 + 0?
4
Calculate -4 + 5 + 3 + -4.
0
Evaluate 3 - (12 - (-3 - -14)).
2
-2 - 4 - (-2 - (-5 - -2))
-7
Calculate -4 - (-2 - (-8 + 6)).
-4
What is (2 + -4 + 1 - 5) + 4?
-2
Calculate 3 - 7 - -2 - (-2 + 0).
0
-278 + 276 + -2 + 1 + -1
-4
Calculate -6 + 2 + -3 + 3.
-4
What is -4 - -6 - (-5 + 10)?
-3
(-2 - 4) + 8 + -2
0
What is -3 + 1 - (-2 + -3)?
3
(-15 - (11 - 21)) + 0 + 9
4
6